 f be 1/(14/175*(-5)/(-8)). Let x be 20290/35 + (-4)/(-14). Calculate the highest common divisor of f and x.
20
Let c(a) = -88 + 116*a - 87*a - 30. Let z be c(5). Calculate the highest common divisor of z and 18.
9
Suppose -17*s + 19418 = 18398. What is the greatest common divisor of 165 and s?
15
Let t(r) = 5*r**3 + 5*r**2 - 10*r + 6. Let i be t(2). Let y be ((-15)/30)/((-1)/828). What is the greatest common divisor of i and y?
46
Let y(w) = -w - 1. Let f(b) = -3*b - 1. Let c(j) = 2*f(j) - 5*y(j). Let x be c(-9). Calculate the highest common factor of 12 and x.
12
Let p(k) = 25*k**2 - 4*k - 18. Let z be p(3). What is the highest common divisor of z and 2015?
65
Let l be 303/(-6)*2/(-3)*3. Suppose -2*q = 3*v - 48 - 120, -v + 56 = 5*q. Let w = l - v. What is the greatest common factor of 360 and w?
45
Suppose 0 = -12*w + 87 - 15. Let o be (w + -50)/(-4)*32. Calculate the highest common factor of o and 11.
11
Let s(q) = 20*q - 33. Let c be s(17). Let p be (-48)/288 - c/(-6). What is the greatest common factor of p and 272?
17
Suppose 3*j - 118 + 103 = 0. Suppose 2*a - 3*w - 68 = 0, 8*a + j*w = 4*a + 92. What is the greatest common factor of 14 and a?
14
Let x be ((-700)/15)/10*390/(-20). Calculate the highest common divisor of 287 and x.
7
Let l be ((-768)/80)/((-4)/70). Let g = l - 241. Let h = g + 74. What is the highest common factor of 1 and h?
1
Let j be (5 - 6) + -6 - -81. Suppose -2*x - 19 + 31 = 0. Let y(i) = 4*i**2 - 5*i - 3. Let u be y(x). What is the greatest common divisor of j and u?
37
Let j be 4/30 + (-121110)/450. Let y = 542 + j. What is the highest common factor of 21 and y?
21
Let u be (6/(-6))/((-1)/3). Suppose 4*f - 5 = x, 3 + u = -3*f + 4*x. Suppose -f*h + 68 + 44 = 0. Calculate the highest common divisor of h and 14.
14
Let k(q) = -5*q + 27. Let o be k(-5). Suppose -u + 34 = -2*i, -o = -u - 3*i + 2. Calculate the greatest common divisor of u and 672.
42
Let j be 38*(308/110)/((-8)/(-10)). Let m = 876 - 857. Calculate the greatest common divisor of j and m.
19
Let c(a) = 10*a - 2*a - 7*a - 33 + 6*a + 8*a. Let q be c(11). Let m = -17 + 29. What is the greatest common factor of q and m?
12
Suppose -120*m - 3013 = -8293. What is the greatest common divisor of m and 12694?
22
Let p(l) = -5*l - 6. Let m be p(-2). Suppose -3*u + 5*i + 7 = -2, m*i - 12 = -4*u. Let k be 2*(u + 1/(-2)). What is the highest common factor of k and 5?
5
Suppose -u + 5*r = -3059, 0 = -2*u + 2*r + 1253 + 4825. Calculate the highest common factor of 148 and u.
74
Let x be 12 + 399/(-33) - 2122/11. Let q = x - -225. Calculate the highest common divisor of 24 and q.
8
Let j(z) = z**3 + 13*z**2 + 19*z + 21. Suppose -2*k - 34 = 3*o, 3*k - o + 0*o + 29 = 0. Let g be j(k). What is the highest common factor of g and 918?
54
Let y(b) = 10*b**2 - 3*b + 16. Let z be y(4). Suppose -2*d + 2*j + 94 = 0, 61*j - 30 = 66*j. Calculate the highest common divisor of d and z.
41
Suppose 0 = -3*n + 37 + 54 - 64. Calculate the highest common factor of 2340 and n.
9
Let j(h) = 67*h**2 + 569*h + 87. Let c be j(-20). What is the highest common divisor of 9 and c?
9
Suppose 232*q - 138*q + 30 = 95*q. Let v = 79 - 13. Calculate the highest common divisor of v and q.
6
Suppose r = 4*n + 35, 10 + 15 = -3*n + r. Let z = 1 - n. Let x be -1*(3 + 8)*-7. Calculate the greatest common divisor of z and x.
11
Suppose 85681 = 40*d - 362559. What is the highest common divisor of 52 and d?
26
Suppose -3*m + 86 + 34 = 0. Suppose 16*u + m = 12*u. Let h be u/15*(-2 - 1). What is the highest common factor of h and 20?
2
Let y(f) = 12*f - 400. Let v be y(34). Suppose -240 = -3*g - 0*g. Calculate the greatest common divisor of g and v.
8
Suppose -7*d - 537 = -999. Let h = d - 64. Calculate the highest common factor of 79 and h.
1
Let t = -11861 + 11912. Calculate the greatest common divisor of t and 2159.
17
Let n be (8/6)/(-2)*(-3)/2. Let k be ((-1)/(-2))/(n/4). Suppose 5*m - 45 - 43 = -k*v, m - 5*v - 23 = 0. Calculate the greatest common factor of m and 12.
6
Let j(w) = -w**3 - 11*w**2 + 63*w - 192. Let o be j(-16). Let q be (-2)/(-3) + 56/6. Calculate the highest common factor of q and o.
10
Suppose f - 2 = 0, x + 3*f = 36 + 5. Calculate the highest common factor of x and 115.
5
Let o(l) = 4*l**2 - 43*l + 89. Let f be o(10). Let y = 26 + 33. What is the greatest common divisor of f and y?
59
Let g = 195 + -190. Suppose -3*a = 2*u - 135 + 40, 0 = -g*a - 3*u + 159. Calculate the greatest common factor of 33 and a.
33
Suppose 3*a - 46*g - 82 = -45*g, -4*a - 3*g = -92. What is the greatest common divisor of 8970 and a?
26
Let q = -417 - -317. Let d = 119 + q. What is the highest common divisor of d and 171?
19
Let g = 307 + -180. Suppose 8*i - g = 545. Calculate the highest common divisor of 294 and i.
42
Let a = 45 - 46. Let y be a + 226*1/2. Suppose -5*b + y = q + 12, 2*q - 155 = -b. What is the greatest common divisor of 50 and q?
25
Suppose -2*b - u = 4*u + 15, 2*u + 6 = -3*b. Suppose 9*h + 176 - 2282 = b. Calculate the greatest common factor of h and 26.
26
Let x = -8443 - -13976. What is the greatest common divisor of 22 and x?
11
Suppose 5*n + 45 = 30. Let r be n + (-10)/(-4) - (-71)/2. What is the highest common factor of 14 and r?
7
Let h be ((-288)/480)/(9/(-195)). Let w(v) = v**2 + 11*v + 7. Let u be w(-7). Let m = 34 + u. What is the highest common divisor of m and h?
13
Suppose 78 = 2*y - 0. Let i = -2046 + 2943. What is the greatest common factor of y and i?
39
Suppose -24*n + 56080 = -77*n + 290976. Calculate the highest common divisor of n and 32.
16
Let l(g) = g**3 + 18*g**2 + 25*g + 1. Let o be l(-17). Let s = 175 + o. What is the greatest common factor of 15 and s?
5
Suppose t + 2*o = -24, -3*t + 2*o = 83 + 5. Let h = t - 8. Let c = h + 57. Calculate the greatest common divisor of 63 and c.
21
Let r(b) = 4*b**2 - 57*b + 97. Let l be r(14). Calculate the highest common divisor of l and 1577.
83
Suppose -3*m - 3*d = -57534, -20*m + 4*d = -14*m - 115068. Calculate the highest common factor of 86 and m.
86
Let a(l) = 7*l**2 - 23*l - 102. Let c be a(-6). What is the highest common factor of c and 2448?
144
Suppose 35*b - 1604 = 3506. Let a = b - -70. What is the greatest common divisor of a and 288?
72
Suppose -2*z = -2*q + 4, 2 - 22 = -5*z. Let i be (3/(-1) - 3)/((-2)/22). Calculate the greatest common divisor of i and q.
6
Let d = -8411 - -8933. What is the greatest common factor of d and 319?
29
Let j(t) = t**3 + 28*t**2 + 114. Let g be j(-28). Calculate the greatest common factor of 4598 and g.
38
Suppose 2*x - 105 - 49 = 0. Calculate the greatest common factor of 4851 and x.
77
Let o(j) = 2*j**2 - 39*j - 50. Let c be o(21). Let p be (1 - c)*(585/18)/(-13). Calculate the highest common factor of p and 3.
3
Suppose -2*m + 26 = -4*b, -4*m - 25 = -0*b + 3*b. Let s(p) = p**3 + 4*p**2 - 32*p + 11. Let a be s(b). What is the greatest common divisor of 792 and a?
88
Let y(t) = -63*t + 76. Let m be y(-11). Suppose -20*w + m + 11 = 0. Calculate the highest common divisor of 78 and w.
39
Suppose 2*c + 87 = -f - 2*f, -2*c + 3*f - 69 = 0. Let m be c/(-21) + 5/35. Let s be 2*(3/2 + 1). Calculate the greatest common factor of m and s.
1
Suppose 0 = 8*b - 9*b + 261. Let u = b + -207. What is the highest common divisor of 18 and u?
18
Let h be 82/3 + 6/9. Suppose -26 = -4*d - 54. Let n(z) = -35*z - 133. Let m be n(d). What is the greatest common factor of m and h?
28
Let b(l) = 7*l - 3. Suppose 4 = 5*i - 3*y - 4, -2*i + 1 = y. Let v be b(i). Suppose 595 = v*f + 13*f. What is the highest common factor of f and 35?
35
Let g be (5 - -1)*(-5 + 11 + (-1425)/(-2)). What is the greatest common factor of g and 45?
9
Let x be (-4 + (-16)/4)*(4 - 364)/2. Calculate the highest common factor of 225 and x.
45
Suppose -q = -5*t + 3530, 0*q - q = 3*t - 2118. Suppose -5*c - 46 + t = 0. Let n be 12/((7 - 6)*(-3)/(-3)). Calculate the greatest common divisor of c and n.
12
Let q = -6 + -13. Let z = 25 + q. Let a = 68 - 56. Calculate the greatest common factor of a and z.
6
Let h(x) = -x + 18. Let m be h(13). Suppose -7*v + 2*v + 4*n + 25 = 0, -m*v - 5*n = -25. Suppose q = -v*q + 330. Calculate the highest common factor of 5 and q.
5
Suppose 492 = 46*m - 253 - 221. What is the highest common factor of 8148 and m?
